 and 729?
27
What is the highest common divisor of 402 and 6?
6
What is the highest common divisor of 92 and 230?
46
What is the greatest common factor of 16638 and 2478?
354
Calculate the highest common factor of 1022 and 7.
7
Calculate the highest common factor of 90 and 5598.
18
Calculate the highest common factor of 152 and 32.
8
Calculate the greatest common divisor of 87 and 1317.
3
Calculate the highest common divisor of 287 and 41.
41
What is the greatest common factor of 32 and 52?
4
What is the greatest common divisor of 102 and 12?
6
What is the greatest common factor of 25 and 100?
25
What is the highest common divisor of 23 and 3?
1
What is the greatest common divisor of 606 and 12?
6
What is the highest common divisor of 174 and 96?
6
What is the greatest common factor of 45 and 50?
5
Calculate the highest common factor of 37080 and 24.
24
Calculate the greatest common divisor of 169 and 65.
13
Calculate the greatest common divisor of 9 and 6093.
9
What is the greatest common divisor of 8 and 604?
4
What is the highest common factor of 32 and 608?
32
What is the highest common factor of 374 and 1078?
22
Calculate the greatest common divisor of 95450 and 166.
166
Calculate the highest common factor of 406 and 14.
14
What is the greatest common divisor of 168 and 8?
8
What is the greatest common divisor of 13887 and 3?
3
What is the highest common divisor of 3813 and 93?
93
What is the highest common factor of 188 and 94?
94
Calculate the highest common factor of 52 and 988.
52
Calculate the greatest common divisor of 63 and 12861.
9
What is the highest common factor of 2 and 28?
2
What is the highest common divisor of 2814 and 134?
134
What is the highest common divisor of 110 and 10?
10
What is the greatest common factor of 1581 and 124?
31
Calculate the highest common factor of 162 and 3114.
18
Calculate the greatest common divisor of 56 and 48.
8
What is the greatest common divisor of 952 and 112?
56
Calculate the greatest common divisor of 112 and 48.
16
Calculate the highest common factor of 9062 and 46.
46
Calculate the greatest common divisor of 87 and 3.
3
Calculate the highest common factor of 84 and 59430.
42
Calculate the greatest common divisor of 340 and 320.
20
What is the greatest common divisor of 153 and 6120?
153
Calculate the greatest common divisor of 182 and 5460.
182
What is the highest common divisor of 170 and 110?
10
Calculate the greatest common divisor of 2870 and 50.
10
Calculate the highest common divisor of 10 and 55.
5
Calculate the greatest common factor of 10 and 1390.
10
Calculate the highest common divisor of 130 and 290.
10
Calculate the highest common factor of 217 and 7.
7
Calculate the highest common factor of 8844 and 22.
22
Calculate the highest common divisor of 16560 and 72.
72
Calculate the greatest common divisor of 34 and 1870.
34
What is the greatest common factor of 441 and 9?
9
Calculate the greatest common divisor of 1610 and 70.
70
Calculate the greatest common factor of 340 and 12070.
170
What is the highest common factor of 352 and 33?
11
Calculate the highest common factor of 128 and 544.
32
Calculate the greatest common divisor of 65 and 5.
5
What is the highest common factor of 18 and 162?
18
What is the highest common factor of 117 and 208?
13
Calculate the greatest common divisor of 56 and 24.
8
What is the highest common factor of 2 and 698?
2
Calculate the highest common factor of 26 and 130.
26
Calculate the greatest common factor of 212 and 2014.
106
What is the greatest common factor of 87 and 1740?
87
What is the greatest common factor of 82 and 118?
2
What is the highest common factor of 38 and 19?
19
Calculate the highest common factor of 1295 and 280.
35
Calculate the highest common factor of 319 and 1131.
29
Calculate the greatest common factor of 2055 and 959.
137
What is the highest common divisor of 28 and 91?
7
Calculate the greatest common divisor of 363 and 6.
3
Calculate the greatest common divisor of 9700 and 100.
100
Calculate the greatest common divisor of 753 and 12.
3
Calculate the highest common factor of 5202 and 18.
18
Calculate the highest common divisor of 4 and 1206.
2
Calculate the greatest common factor of 10764 and 46.
46
Calculate the highest common divisor of 347 and 4.
1
Calculate the highest common factor of 16875 and 135.
135
What is the greatest common factor of 36 and 126?
18
What is the highest common divisor of 1024 and 16?
16
What is the highest common divisor of 50 and 480?
10
Calculate the highest common factor of 24 and 34.
2
What is the highest common divisor of 70 and 10?
10
Calculate the greatest common divisor of 96 and 312.
24
Calculate the highest common factor of 30 and 195.
15
Calculate the greatest common divisor of 126 and 612.
18
What is the greatest common divisor of 6 and 1966?
2
Calculate the greatest common divisor of 4223 and 738.
41
Calculate the greatest common factor of 18 and 29286.
18
What is the highest common factor of 551 and 29?
29
Calculate the highest common factor of 2938 and 452.
226
What is the highest common divisor of 91 and 98?
7
What is the greatest common factor of 2304 and 306?
18
Calculate the highest common factor of 124 and 44.
4
What is the highest common factor of 3680 and 805?
115
Calculate the greatest common factor of 96 and 224.
32
Calculate the highest common factor of 112 and 8544.
16
What is the highest common divisor of 131 and 61?
1
Calculate the greatest common factor of 88 and 11.
11
What is the greatest common divisor of 732 and 246?
6
Calculate the highest common divisor of 25 and 125.
25
Calculate the highest common divisor of 2794 and 22.
22
What is the highest common factor of 40 and 128?
8
What is the greatest common divisor of 7398 and 108?
54
What is the greatest common factor of 333 and 23088?
111
Calculate the highest common divisor of 15 and 18000.
15
What is the greatest common divisor of 1351 and 14?
7
What is the highest common divisor of 294 and 2254?
98
What is the greatest common divisor of 88 and 638?
22
Calculate the highest common divisor of 30 and 75.
15
Calculate the greatest common factor of 3223 and 33.
11
Calculate the greatest common factor of 195 and 7332.
39
What is the greatest common factor of 612 and 216?
36
What is the greatest common divisor of 5655 and 390?
195
Calculate the highest common divisor of 16536 and 240.
24
Calculate the highest common divisor of 729 and 9.
9
Calculate the highest common factor of 6593 and 95.
19
What is the highest common factor of 222 and 12?
6
What is the highest common divisor of 51 and 5763?
51
What is the highest common divisor of 30 and 190?
10
Calculate the highest common divisor of 185 and 65.
5
What is the greatest common factor of 602 and 344?
86
What is the highest common divisor of 36 and 57?
3
What is the greatest common factor of 1820 and 325?
65
Calculate the greatest common factor of 627 and 33.
33
What is the greatest common divisor of 34 and 2550?
34
What is the highest common divisor of 12 and 192?
12
Calculate the highest common divisor of 946 and 387.
43
What is the greatest common factor of 176 and 108?
4
What is the greatest common divisor of 61 and 1159?
61
Calculate the greatest common factor of 176 and 1100.
44
What is the highest common divisor of 27 and 1?
1
What is the greatest common divisor of 15 and 480?
15
What is the greatest common divisor of 25 and 3175?
25
Calculate the greatest common factor of 133 and 1767.
19
What is the greatest common factor of 4599 and 315?
63
Calculate the highest common divisor of 10 and 90.
10
Calculate the greatest common divisor of 8 and 536.
8
Calculate the greatest common factor of 48 and 76.
4
Calculate the highest common divisor of 43797 and 39.
39
What is the highest common factor of 906 and 6?
6
What is the greatest common divisor of 1 and 1523?
1
What is the greatest common divisor of 66 and 33?
33
What is the highest common divisor of 130 and 10?
10
What is the greatest common divisor of 880 and 1540?
220
What is the highest common divisor of 1338 and 12?
6
What is the greatest common factor of 24 and 1812?
12
What is the highest common divisor of 54 and 19386?
54
Calculate the greatest common factor of 20 and 2060.
20
What is the greatest c